785. Is l/10 - d/5 prime?
False
Let d = -13322 - -19756. Is d a prime number?
False
Let k(j) = -j**2 - 14*j + 1. Let b be (44/(-55))/(4/70). Let y be k(b). Is 1 - y - (17 - 27) composite?
True
Is (-3 - (-5)/(-5)*-4)*7069 composite?
False
Let z(n) = -24*n**3 - 2*n**2 - 12*n - 37. Is z(-6) prime?
True
Suppose 5*f = -5*o + 2235, 7*f + 4*o - 2235 = 2*f. Is f composite?
True
Suppose 556 = 7*b - 3*b. Suppose 5*l = 3*a + 9, 0*l + 2*l + 22 = -2*a. Let p = b + a. Is p prime?
True
Let j(a) = 17*a + 6. Let d be j(3). Suppose 9*y = 7*y + 4. Let w = d + y. Is w composite?
False
Let t be 20/(-10) + (-8 - 0). Let i(a) = -a**3 - 11*a**2 - 10*a. Let k be i(t). Suppose 2*j - 3*b - 981 + 224 = k, 5*b + 767 = 2*j. Is j a prime number?
False
Let t(r) = -303*r + 389. Is t(-20) a composite number?
False
Let m = 13 + -10. Suppose -6 = 2*c, -m*c = 3*o - 0*o + 7092. Let u = -1546 - o. Is u a prime number?
False
Let m be (-167)/(-2) + (-7)/14. Suppose -1255 = 4*s - m. Let o = s - -414. Is o a composite number?
True
Suppose 36*t - 481404 + 35976 = 0. Is t prime?
True
Let k = -287 + 174. Is 1 - k - (-20)/5 prime?
False
Is (-1 + -13)*(-2722)/14 composite?
True
Suppose -23425 = -f + 679. Is ((-2)/(-2))/(8/f) prime?
False
Suppose -24*q + 200731 = -21*q + 4*b, 2*q - 133814 = -b. Is q a prime number?
False
Suppose -4*l + 216707 - 2943 = 0. Is l a prime number?
True
Let z(c) be the first derivative of -c**2/2 - 5*c + 4. Let g be z(-10). Suppose 179 = -4*b + g*b. Is b a prime number?
True
Is 2/11 - 14315/154*-26 prime?
True
Let c(o) be the second derivative of -o**4/12 - 5*o**3/6 + o**2/2 - o. Suppose 0*y - 2*y - 2*q = 14, 3*y + 13 = -q. Is c(y) composite?
False
Let d(u) = 2*u + 8. Let k be d(-4). Suppose -3*v + 0 = 3*z - 15, 3*v - 12 = -2*z. Suppose 83 = g - o - v*o, k = -g - 2*o + 83. Is g a composite number?
False
Let g = -6740 - -10729. Is g prime?
True
Let q = 10385 - 5980. Is q composite?
True
Let q(o) = -163*o + 31. Let y be q(-7). Let x = y + -462. Suppose p = -4*p + m + 714, 5*p - 5*m - x = 0. Is p a prime number?
False
Let n(u) = 113*u**2 - 12*u - 3. Is n(8) a composite number?
True
Suppose 0 = 6*g - 11*g + 5855. Is g prime?
True
Suppose 4*u - 5616 = -j, -2*u - 26*j + 2826 = -21*j. Is u a composite number?
True
Let q(l) = -l + 6. Let b be q(7). Let m be 0 + b + (-9)/(-3). Let o(h) = 20*h**3 + 2*h**2 - 3*h + 1. Is o(m) prime?
True
Is 2828 + 0 + 6*4/8 composite?
True
Let q(j) be the first derivative of -21*j**2 + j - 7. Suppose -42 = 5*d - d + 2*o, -d + 3*o + 7 = 0. Is q(d) composite?
False
Is 5*(-62862)/(-30) + -4 a composite number?
True
Let u be (4 + -3 + -2)*0. Suppose 5*v + 20 = -u*n + 4*n, 5*n = 3*v + 12. Is (872/(-8))/(-1 + n) a prime number?
True
Let c be 5874 - (-6)/((-3)/18*-9). Suppose -2*j - 4*y + c = 0, 10*j - 8*j - 5*y = 5878. Is j a prime number?
True
Let n be 1*7/1 - 3. Let t(a) = 4 - 2*a**2 + a + 0*a**2 - 3 - 3*a**3 + n*a**2. Is t(-3) prime?
True
Is 14/(-7) + -4 + 2753 prime?
False
Let f(l) be the third derivative of 67*l**4/24 - 7*l**3/3 + 3*l**2. Is f(19) prime?
True
Let i = 3 + -2. Suppose x + 1 = -i. Is 4 - (x/(-1) - 81) prime?
True
Let o be (-22 - 0)/((-2)/(-4)). Is 212*(o/(-16) - 0) prime?
False
Let v be ((-8)/(-10)*-2)/(4/(-10)). Suppose v*t + 0*t = y - 3845, -y + t + 3836 = 0. Is y a prime number?
True
Let z be (2 + (-3 - -1))/2. Let u(m) = 18*m**2 - 4*m + 5. Let k be u(5). Suppose 0 = -z*h - 5*h + k. Is h composite?
True
Suppose 2*n + 2*q - 23114 = -1072, 3*n - 2*q - 33043 = 0. Is n prime?
False
Suppose -14*b + 16712 = -19814. Is b a prime number?
True
Let o = 4 + -8. Let p be 7388/o*-1 - 3. Suppose -3*h + p = 185. Is h composite?
True
Let l = -24 + 38. Let t = 17 - l. Suppose 127 + 218 = t*m. Is m a composite number?
True
Let u(i) = 5*i**2 - 29*i - 11. Is u(20) composite?
False
Let p be 1/1*1*5. Suppose p*n - n = -8. Let d(u) = -27*u - 3. Is d(n) prime?
False
Let y(i) = -63*i**2 + 7*i + 1. Let f be y(6). Let g = f + 3726. Is g a prime number?
False
Let f = -3905 + 10666. Is f composite?
False
Let h = 365 + -175. Let j be 1 + 2816/10 - (-24)/60. Let d = j - h. Is d prime?
False
Let y(q) = 6*q**2 + 6*q + 23. Suppose 0 = 7*p - 39 - 10. Is y(p) composite?
False
Let u = 882 - 570. Let g = u - -1468. Suppose -2*z = -6*z + g. Is z a prime number?
False
Suppose c - 6*c + 4*f = -3221, 3213 = 5*c - 2*f. Is c prime?
True
Suppose 4*q = -3*n + 11693, 3*n - 807 = q - 3749. Is q a prime number?
True
Let u(r) = -r - 1. Let f(i) = -50*i - 9. Let c(k) = f(k) - 2*u(k). Is c(-2) prime?
True
Suppose -211659 = -82*s + 61*s. Is s prime?
True
Suppose -5*l - 4*g + 6 = 72, 0 = 3*l - g + 43. Let f be (l - -14)/((-2)/1). Suppose -4*j + 2*j + 158 = f. Is j a prime number?
True
Let r(f) be the first derivative of f**3/3 + f**2 - 10*f + 6. Is r(-7) prime?
False
Let w(k) = -38*k + 10. Let i be w(-6). Is 9/(-18) + i/4 prime?
True
Let k(u) = -18*u + 5. Let q be k(-5). Let t = -571 + 574. Suppose -q = -2*g - t*g. Is g prime?
True
Suppose -12*d - 356687 = -31*d. Is d prime?
True
Suppose 0 = -4*h - 2 + 6. Let l(m) = 1046*m + 3. Is l(h) composite?
False
Let m be -6*(-4)/6*1. Let q be (m/6)/((-3)/(-36)). Suppose -q*k = -3*k - 715. Is k prime?
False
Let u(k) = k + 10. Let h be u(-10). Suppose 0*l - 2*l + 668 = h. Is l a composite number?
True
Let v be 855/6*(-16)/(-24). Let l = v + 596. Is l a prime number?
True
Let h = -1087 - -2336. Is h a composite number?
False
Suppose 0 = 4*m + 3*y - 9320, -4*m - 5*y + 4*y + 9328 = 0. Is m a composite number?
False
Let v = -2789 + 13054. Is v a prime number?
False
Let m(x) = -14*x - 9. Let d(z) = 13*z + 9. Let u(l) = -2*d(l) - 3*m(l). Is u(7) a composite number?
True
Let v be ((-2)/(-6))/(4/84). Suppose 0 = p - 4*u - v, -3*p + 3*u - 6 + 18 = 0. Is ((-19)/(-3) - 4)*p prime?
True
Suppose 0 = -5*t + 3*v + 31, 2*t - 4*v - 9 - 9 = 0. Suppose 764 = 2*c + 2*b, 3*c - 6*b + t*b = 1134. Is c a prime number?
True
Let j(s) = -s**3 - 3*s**2 + 3*s. Let c be j(-4). Suppose 3*w + w = 20, 3*w = c*g - 29. Is (12 - g)*(0 + 11) a composite number?
False
Suppose -2*r = -3*r + 104. Let l = -67 + r. Is l composite?
False
Suppose -5*j - 60 = -0*j. Let v be (-20)/j - (-3)/9. Suppose 0 = -c + 2*f + 40, -v*c + f + f = -74. Is c a prime number?
False
Let d(n) = 1233*n - 64. Is d(7) composite?
True
Suppose -3*d = -2*z + 2*d - 11, -5*d = -5*z - 5. Suppose -2*c = 4*i, 5*c + 4 = z*c - 2*i. Let y(w) = -250*w + 1. Is y(c) composite?
True
Let s(n) = n**2 + 2*n + 1. Let p be s(3). Is p/24*921/2 a prime number?
True
Let v = 10 - 7. Suppose 2*m + v*m = 5*a + 5, -m + 2*a = -1. Suppose u = -y - 1, y + 4*u = -4*y - m. Is y prime?
True
Let y(x) = -32 - 37*x + 46 + 21. Is y(-14) composite?
True
Suppose k - 35060 = -5*y + 4*y, 5*k = -3*y + 175310. Is k a composite number?
True
Suppose 3*g = -g + 8. Let l(f) = 81*f + 4. Is l(g) composite?
True
Let g(d) = -108*d + 46. Suppose 8*n + 3*n = -66. Is g(n) prime?
False
Suppose -s + 5*w = -1604 - 4200, 2*w = 4*s - 23126. Is s composite?
False
Let z(k) = -8 + 10 - 4*k + 3*k**2 + k**3 + 2*k + 3*k. Let j be z(-2). Suppose -j*s + 130 = s. Is s a prime number?
False
Suppose -30224 = -5*d + d. Is d/6 + 9/(-27) a prime number?
True
Let y be 2/((-3216)/(-802) - 4)*4. Suppose h = 3*k + 672 + y, -2*h = -5*k - 2947. Is h a composite number?
False
Let x be (-52)/65 - (-4)/5. Is (x - (-3 - -4)) + 142*5 prime?
True
Let w = -3866 - -5559. Is w prime?
True
Let i = 3321 + 7268. Is i prime?
True
Suppose -4*w - 4 = -5*o, -6*o - 10 = -w - 2*o. Let l(m) = -37*m + 1. Is l(w) a prime number?
True
Is (-14*(-1636)/8)/((-1)/(-1)) a prime number?
False
Suppose 44 - 158 = 2*k. Is (-13)/((-1)/k*-3) a composite number?
True
Suppose t + 5*a + 50 = 2, -93 = 3*t - 2*a. Let k be ((-6)/(-2))/(-3)*t. Suppose w - k = 26. Is w a composite number?
False
Let m(o) = 313*o - 1. Let p be m(2). Suppose 0 = 5*d + p - 6085. Let q = d + -530. Is q prime?
False
Suppose 0 = -z - 3*z - 28. Let r(x) = -2*x - 11. Let u be r(z). Suppose -u*i + 1487 = -472. Is i prime?
True
Suppose -2*w - 4298 = -16*w. Is w a prime number?
True
Let d = 6672 + -3895. Is d a prime number?
True
Suppose -p - p + 2780 = 2*i, 3*p = 5*i - 6926. Is i a prime number?
False
Suppose -5*r = 5*h + 812 + 423, -2*h = -2*r - 502. Let j = 1511 + r. Is j prime?
False
Let g(o) = -177 + 6*o**2 + 180 - 3*o**2 + 5*o. Is g(-5) a prime